2?
-1787
In base 14, what is 17092 + -2?
17090
In base 14, what is 0 + 20ad6?
20ad6
In base 9, what is -45 - 8201?
-8246
In base 7, what is 13 + -143265?
-143252
In base 14, what is -6643 - -2?
-6641
In base 12, what is -a4b6 - 2?
-a4b8
In base 8, what is -37533 + -4?
-37537
In base 13, what is 1cb6 + 10?
1cc6
In base 9, what is 36 + 21278?
21325
In base 11, what is -22473 + 2?
-22471
In base 4, what is -113100310 - -12?
-113100232
In base 4, what is -3101 + 131203?
122102
In base 5, what is -4331114 + -4?
-4331123
In base 4, what is -10 + -2002230?
-2002300
In base 8, what is -22232 + 3?
-22227
In base 12, what is -5 - 78051?
-78056
In base 5, what is 3434 - -24242?
33231
In base 11, what is 2 - -21707?
21709
In base 14, what is 5 - 30440?
-30439
In base 12, what is -1 - -1232a3?
1232a2
In base 10, what is 1 + 91932?
91933
In base 3, what is -120120012010 + -10?
-120120012020
In base 5, what is 31 - 41422310?
-41422224
In base 15, what is 3 + 4ea9a?
4ea9d
In base 4, what is 1322332 + -3032?
1313300
In base 14, what is 4162 - 4?
415c
In base 10, what is 1416 - 101?
1315
In base 4, what is 31 - 131121?
-131030
In base 10, what is 11 + 13196?
13207
In base 2, what is -1100110010101 - 0?
-1100110010101
In base 9, what is -2802 - 131?
-3033
In base 7, what is -3 - -425141?
425135
In base 7, what is 3054 + 3246?
6333
In base 10, what is -39 - -18255?
18216
In base 2, what is -11101110100 + -100101100010?
-1000011010110
In base 3, what is -121211100 + 112?
-121210211
In base 15, what is d - -26dd9?
26de7
In base 10, what is -4 - -179252?
179248
In base 13, what is 2 + 11c00?
11c02
In base 16, what is f4 - -15f?
253
In base 16, what is -49 + -393?
-3dc
In base 8, what is -15 - -426?
411
In base 4, what is -3 + 1201232?
1201223
In base 7, what is 3451 - -1530?
5311
In base 9, what is -44684 + -103?
-44787
In base 13, what is 4 - 296109?
-296105
In base 9, what is -12 - -22244?
22232
In base 16, what is 2506b - -2?
2506d
In base 14, what is -40a - 1872?
-1c7c
In base 15, what is 4 - -29503?
29507
In base 10, what is -19950 + 1?
-19949
In base 10, what is -2 + 11711?
11709
In base 10, what is 5 + -3835?
-3830
In base 2, what is -1111 - -111111110001?
111111100010
In base 4, what is -33003031 - -12?
-33003013
In base 2, what is -110100110 + 1011001100?
100100110
In base 10, what is 10 + -100496?
-100486
In base 8, what is -540411 - 3?
-540414
In base 5, what is -2 - -224200?
224143
In base 14, what is -b64 + -17?
-b7b
In base 6, what is -1 - 4012530?
-4012531
In base 12, what is -a - -9862?
9854
In base 5, what is 110200344 - 1?
110200343
In base 5, what is 1400130 - 10?
1400120
In base 8, what is 242 + 33571?
34033
In base 12, what is -8 - -500a8?
500a0
In base 15, what is 415 - -7b?
491
In base 10, what is 0 - 445?
-445
In base 12, what is -26 - 389?
-3b3
In base 7, what is 21 - -21531?
21552
In base 4, what is 223 + 123223?
130112
In base 13, what is -7a1a + 21?
-79c9
In base 9, what is 18174 + 8?
18183
In base 13, what is ca - 432?
-335
In base 6, what is -3324212 - -13?
-3324155
In base 3, what is 2010102101 - -20?
2010102121
In base 11, what is 3a891 - 16?
3a876
In base 12, what is -8a - 6010?
-609a
In base 8, what is 14241737 + 3?
14241742
In base 13, what is -907 - 0?
-907
In base 12, what is 1 + -8785?
-8784
In base 9, what is 1 - 1273?
-1272
In base 11, what is 2834 - 5?
282a
In base 15, what is -240e + -3c?
-244b
In base 5, what is -33124 + -3140?
-41314
In base 11, what is 3 + 262967?
26296a
In base 2, what is -1011110 - -1100101010010?
1100011110100
In base 9, what is -5 + -2285?
-2301
In base 10, what is 150 + 298?
448
In base 11, what is 42190 - 2?
42189
In base 13, what is -1533 + -78?
-15ab
In base 11, what is 27 - 479a?
-4773
In base 13, what is -2 - a1a6?
-a1a8
In base 16, what is e0 + 2439?
2519
In base 7, what is -3454 + -2533?
-6320
In base 13, what is 3574b - -13?
35761
In base 10, what is -5 - -946816?
946811
In base 2, what is 11111 - 110010011110110?
-110010011010111
In base 15, what is -5e - -1174?
1115
In base 14, what is 13 - -7b61?
7b74
In base 13, what is 66 - -1a5?
23b
In base 9, what is 1160046 - -1?
1160047
In base 7, what is -2 + 2561654?
2561652
In base 3, what is -1012 - 121100210?
-121101222
In base 14, what is 72256 + -3?
72253
In base 8, what is -16602 + -5?
-16607
In base 16, what is -11f70 - -1?
-11f6f
In base 3, what is 12202 - -1220221?
2010200
In base 10, what is 2113 + 74?
2187
In base 14, what is 5b7583 - 5?
5b757c
In base 5, what is 23034142 + -13?
23034124
In base 13, what is 6 + -20b13?
-20b0a
In base 8, what is -107 - 41542?
-41651
In base 6, what is -3233114 + 11?
-3233103
In base 2, what is -101 - -1111001100101111101?
1111001100101111000
In base 15, what is 34d225 + 4?
34d229
In base 6, what is -5 - -445512?
445503
In base 2, what is 1011 - 101111?
-100100
In base 16, what is -3d0 + 17?
-3b9
In base 2, what is -100 - -10011110100010001101?
10011110100010001001
In base 13, what is 49 + -468?
-41c
In base 14, what is -3aa9 - 17a?
-3c45
In base 7, what is -1114406 + -3?
-1114412
In base 11, what is -49 + -16425?
-16473
In base 3, what is 2100021 + -1122?
2021122
In base 11, what is 8 - 385a9a?
-385a92
In base 5, what is -20 - -31022?
31002
In base 3, what is 11 + 1000122111020?
1000122111101
In base 16, what is -48 - -3246?
31fe
In base 4, what is -2231002 + 302?
-2230100
In base 15, what is 2 - 7b5?
-7b3
In base 3, what is -1021220110 + -2?
-1021220112
In base 4, what is -2103 + 2213?
110
In base 4, what is 0 + 121222121?
121222121
In base 10, what is -76 - -2374?
2298
In base 10, what is 1 - -450995?
450996
In base 4, what is -1 + -1023320132?
-1023320133
In base 13, what is -1c831 + -11?
-1c842
In base 12, what is -14 - 286?
-29a
In base 13, what is -9c - -1257?
1188
In base 8, what is -563126 + -3?
-563131
In base 4, what is 2 + 11220233?
11220301
In base 16, what is -1daee + 8?
-1dae6
In base 3, what is -20 + -110012010?
-110012100
In base 14, what is 188404 - 2?
188402
In base 9, what is -12472 + -2?
-12474
In base 13, what is 2ab6 - 14?
2aa2
In base 10, what is 19751 - 5?
19746
In base 8, what is -310754 - 0?
-310754
In base 5, what is -1412 + -334?
-2301
In base 10, what is -2 + 11406?
11404
In base 5, what is -1 + -2331421?
-2331422
In base 6, what is -4 + -40410542?
-40410550
In base 7, what is 2213322 - 2?
2213320
In base 14, what is -3 + d953?
d950
In base 16, what is c7f00 - -3?
c7f03
In base 4, what is 13 - 222221?
-222202
In base 5, what is -10 + 3220403?
3220343
In base 5, what is 0 + 10440220?
10440220
In base 2, what is -100 + -1111101001101?
-1111101010001
In base 16, what is -4 - a488c?
-a4890
In base 16, what is 7490 + 5?
7495
In base 8, what is -2265 - 31?
-2316
In base 15, what is 4 - 16bd?
-16b9
In base 15, what is -111 + -6cd?
-7de
In base 6, what is -5 + 432540?
432531
In base 6, what is -104050 + 4?
-104042
In base 15, what is 39b10 + 5?
39b15
In base 14, what is 1b + 24db4?
24dd1
In base 8, what is 623 + -3400?
-2555
In base 15, what is c16 + 3?
c19
In base 14, what is 34a3 - 23?
3480
In base 6, what is -14121 + -11?
-14132
In base 6, what is 5 - 125403?
-125354
In base 3, what is -220020 + -2022?
-222112
In base 10, what is -5 + 28981?
28976
In base 13, what is -33a - -c1?
-249
In base 5, what is -4 - 144300?
-144304
In base 10, what is -42394 - 3?
-42397
In base 6, what is 3 + 135521?
135524
In base 16, what is -1c + 911c?
9100
In base 10, what is -5 + 3300?
3295
In base 15, what is -102b1 - -b?
-102a5
In base 14, what is 4 + 495a2?
495a6
In base 2, what is -10001010011101110 + 100?
-10001010011101010
In base 11, what is 1546 + 1069?
2604
In base 4, what is -11 + -2202311?
-2202322
In base 6, what is -151 - -5051?
4500
In base 8, what is -43 + 334453?
334410
In base 3, what is -11121 - -120110211?
120022020
In base 16, what is 5 - -5008?
500d
In base 2, what is -1000101010010110010010 + -11?
-1000101010010110010101
In base 15, what is -4 + -67b11?
-67b15
In base 10, what is 415 + -36?
379
In base 3, what is 2020001210 - -10?
2020001220
In base 9, what is 5 + 84330?
84335
In base 14, what is 46 + -3b?
9
In base 12, what is 2 - -13315?
13317
In base 9, what is -501 + -3268?
-3770
In base 13, what is 40 + 3bc?
42c
In base 10, what is -19 + 3648?
3629
In base 16, what is -2